+ 2686 = 0, 2*m = -c + 1075. What is the units digit of m?
8
Suppose -17*s = -11*s - 3912. What is the units digit of s?
2
Suppose 2*p - p - 480 = 0. Suppose p = 3*r + 2*r. What is the units digit of r?
6
Suppose 4*d - 3 = 21. Let f be (-8)/d*66/(-4). Suppose 0 = 2*n - 2*a + 8 - 44, 2*n = -5*a + f. What is the units digit of n?
6
Let x = -31 - -32. What is the tens digit of (-387)/(-4) - x/(-4)?
9
Let z(l) = l**3 + 10*l**2 - 5*l + 1. Let w be z(-9). Suppose 5*s + w = -153. Let i = -35 - s. What is the tens digit of i?
2
Let i(c) = -c - 2. Let f be i(1). What is the tens digit of (16 - 4)/f - -28?
2
Suppose -36 = 7*x - 11*x. Let p = x - 9. What is the tens digit of (-96)/(-4) + -3 + p?
2
Let b(f) = 36*f**2 + 49*f - 29. What is the hundreds digit of b(-14)?
3
Suppose -1013 = -12*t + 79. What is the tens digit of t?
9
Let q(v) = -76*v + 153. What is the units digit of q(2)?
1
Suppose 2*g = 4*l + g - 4815, 0 = -4*l + 5*g + 4811. What is the thousands digit of l?
1
Suppose -7*r + 3*r + 13 = -3*c, -c + 2*r = 7. Let n = -7 - -8. What is the units digit of c/((3/42)/n)?
4
Suppose -12*v - 32 = -4*v. What is the units digit of -4*((-1)/v)/((-1)/6)?
6
Suppose -q + 1507 = d, 12*q = -d + 10*q + 1505. What is the units digit of d?
9
Let b(w) = 43*w**2 + 4*w - 1. Suppose 8*h = -2 + 10. What is the units digit of b(h)?
6
Let x(b) = -b**3 + b**2 + b + 734. What is the tens digit of x(0)?
3
Let j(z) = 53*z + 738. Let a be j(-14). Let d(v) = -v**3 - 2*v**2 - v. Let h be d(-2). What is the units digit of ((-91)/14)/(h/a)?
3
Let l = 592 + -77. What is the hundreds digit of l?
5
Suppose -3*y = 58 - 49, r + 4*y = 5303. What is the tens digit of r?
1
Let b = -183 - -547. What is the tens digit of b?
6
Let w(n) = -7*n + 19. Let j(t) = -1. Let h(a) = 3*j(a) - w(a). Let x(v) = 3*v - 7. Let z be x(6). What is the tens digit of h(z)?
5
Let z be (-105)/(-28) - 1/(-4). Suppose 5 = z*m + 41. What is the units digit of (24/m + 3)*33?
1
Suppose -v = 3*n - 255 - 1317, 0 = -3*v + 3*n + 4656. What is the thousands digit of v?
1
What is the units digit of ((-6 + -8994)/6)/(-1)?
0
Suppose 4*w = -g + 390, -4*g = -w + 3*w - 202. Let x = -48 + w. What is the tens digit of x?
4
Suppose -18*z + 22*z - 6036 = -5*d, 4*z + 6044 = 5*d. What is the tens digit of d?
0
What is the hundreds digit of ((-650)/39)/((4/(-51))/2)?
4
Suppose 4*r - 40 = -0*r. Let c(d) = -d**3 + 7*d**2 + 34*d - 14. What is the units digit of c(r)?
6
Let m(i) = -2*i**2 - 8*i + 14. Let o be m(-7). What is the units digit of 1/(7/o*2/(-44))?
8
Let t(j) = -j**3 - 5*j**2 - 5*j + 5. Let c be t(-5). Let v = c + -25. What is the units digit of v?
5
Let a = -5 - -3. Let h(n) be the second derivative of -3*n**3 - 2*n**2 + 13*n. What is the tens digit of h(a)?
3
Suppose 2*s + 3 = 7. Let i(b) = 44*b - 5. What is the units digit of i(s)?
3
Let z be (2/(-6))/((-4)/60). Suppose 5*b + z*v - 45 = 0, 2*b + 2*v = -2*v + 20. Suppose -b - 14 = -2*x. What is the tens digit of x?
1
What is the tens digit of (-2 - -5)/((-3)/(-432)) + 6?
3
Let m = 2082 + 685. What is the tens digit of m?
6
Let a = -43 + 36. What is the units digit of 5*1*(-63)/a?
5
Suppose 4*u - 7*g = -3*g - 28, 0 = 2*u + 5*g + 28. What is the units digit of 24/u*(-402)/8?
4
Let t(j) = 4*j - 11. Let r be t(8). Suppose -3*d - c - c = -r, 3*c = 2*d - 1. What is the units digit of d?
5
Suppose -4*l + 1479 = -3*m, -5 = m - 0. What is the hundreds digit of l?
3
Suppose 2*a - 41 - 15 = 0. Let s = -15 + a. Suppose 0 = -l + 4 + s. What is the tens digit of l?
1
Suppose -5*t - 7*g + 5*g = -5309, t - g - 1059 = 0. What is the thousands digit of t?
1
Let h(d) be the second derivative of -3/2*d**3 - 8*d + 0 + 1/6*d**4 - 6*d**2. What is the tens digit of h(8)?
4
Let w = 33 - 42. Let b(g) = -8*g - 17. What is the units digit of b(w)?
5
Let n(j) be the second derivative of j**4/4 - j**3/2 + 3*j**2/2 + 6*j. Let k be n(2). Let o = k + -6. What is the units digit of o?
3
Let y(d) = -20*d - 6. Suppose -2*l + 5 - 13 = 0. What is the units digit of y(l)?
4
What is the thousands digit of -4 - ((-15850)/(-6))/(-5)*3?
1
Let i = -5 - -39. What is the tens digit of (-45)/(-18)*i*1?
8
Let o(f) be the second derivative of -20*f**3/3 + f**2 - 7*f. Let y be o(2). Let m = -37 - y. What is the tens digit of m?
4
Let y(l) = 2*l**2 - 9*l + 4. Let x be y(6). Let d = x - 15. Let m = d + -4. What is the units digit of m?
3
Let v(y) = -9*y**3 + 17*y + 8*y**3 - 4*y**2 + 3*y**2. What is the units digit of v(-5)?
5
Let y = -21 + 14. Let p be (-85)/35 - 3/y. What is the tens digit of (308/(-35))/(p/5)?
2
Let t = -772 - -1370. What is the tens digit of t?
9
Let t = 434 - 395. What is the tens digit of t?
3
Let f(a) = -a**2 + 8*a + 4. Let w be f(4). Let b(y) = 6*y**2 - 9*y - 3. Let l be b(7). Suppose w*t - 24*t + l = 0. What is the tens digit of t?
5
Let t(v) be the first derivative of 2*v**3/3 + 3*v**2/2 - 6. Let x be t(-2). Suppose 5*y + 0*h = 3*h + 63, y - x*h - 7 = 0. What is the tens digit of y?
1
Suppose -5*z - 4*k = -2670, -121*k + 1068 = 2*z - 122*k. What is the units digit of z?
4
What is the units digit of -298*(-4)/8 + -2 + 2?
9
Let b(v) be the third derivative of 0 + 0*v + 7/60*v**5 + 4*v**2 + 0*v**4 - 1/3*v**3. What is the units digit of b(-2)?
6
Let v(x) = -5*x**3 + x**2 - 3*x - 2. Let t(q) = -6*q**3 + q**2 - 4*q - 3. Let j(w) = 6*t(w) - 7*v(w). What is the units digit of j(-2)?
6
Let x be 8/(-3)*((-25)/2 - 4). Let b = x + 14. What is the units digit of b?
8
What is the tens digit of (-6 - (-9)/3)/(6/(-1076))?
3
Suppose -9 = -0*x - 3*x. Suppose -23 = -4*k - x*a, k + 4*a - 15 = -6. Suppose -k*l + 61 = 1. What is the units digit of l?
2
Let n = 4 - 1. Suppose 6*o - 3*o + z - 492 = 0, 2*z - 489 = -n*o. Suppose -8*q + o = -3*q. What is the tens digit of q?
3
Suppose -i = -d + 4, -2*i + 5*d = -7*i + 30. Suppose -5*k = 16 - i. What is the units digit of 3 + 3 + k + 8?
1
Let b = 4 - 0. Suppose b*t - t - 3 = -3*d, -5*d - 2*t + 2 = 0. Suppose d*m = 5*n - m - 139, -29 = -n - m. What is the tens digit of n?
2
Suppose -8*k + 1792 - 696 = 0. Suppose k = 2*p - 101. What is the tens digit of p?
1
Suppose -25 = 3*n + 2. Suppose 4*s + 2*o + o = 136, 12 = 3*o. Let b = s + n. What is the units digit of b?
2
What is the units digit of 4/(-42) - 4358520/(-1890)?
6
Let a = 291 + -200. Let z = -81 + a. What is the units digit of z?
0
What is the hundreds digit of (15384/15)/4 - 2/5?
2
Let h(p) = 4*p + 15. Let c be h(-8). Let g = c - -79. What is the units digit of g?
2
Suppose -5*v = 5 + 10, 0 = 2*t - 5*v - 19. Let r be 6 + -5 - t*-1. Suppose r*w + 5*m = m + 37, -6 = -w + 5*m. What is the units digit of w?
1
What is the tens digit of ((-6)/9)/((-1977)/(-990) + -2)?
2
Suppose 2 - 5 = 3*v. Let i be v + -1 + 192/4. Let t = i - 27. What is the units digit of t?
9
Let j(g) = -g**3 - 5*g**2 + 8*g + 9. Let x be j(-6). Let n be 3 - ((x - 0) + 2). Suppose 0 = 3*s + 4*h - 107, 4*s + h - 151 = n*h. What is the tens digit of s?
3
Let a = -23 + 270. What is the units digit of (0 + 12)*7/21 + a?
1
Let m be (31 + -3)/(-4)*-1. Suppose d + m = -2. What is the units digit of (-1 + -50)*3/d?
7
Let m(i) = 4*i - 8. Let t be m(4). Suppose -t*z + 14 = -386. What is the units digit of z?
0
Let c be (-9458)/(-38) - (-12)/114. Let w = c + 26. What is the hundreds digit of w?
2
Let h(i) = 11*i**2 - 7*i + 29. What is the hundreds digit of h(-18)?
7
Let u(c) = -2*c - 2. Suppose 5*v = 36 + 9. Suppose -2*i = -f - 10, 0 = -f + 4*f + i + v. What is the units digit of u(f)?
6
Suppose 4 = l + 1. Suppose -2*q - q + l*w + 507 = 0, w + 2 = 0. What is the tens digit of q?
6
Let j = -428 + 546. What is the tens digit of j?
1
Let m(r) = -2*r**3 - 5*r**2 + 5*r + 4. Let n be m(-3). What is the units digit of -2 - 2 - n - -30?
8
What is the tens digit of ((4 + -34)/2 + 2)*-478?
1
Let w(x) = x**3 + 2*x**2 - 11*x - 6. What is the units digit of w(-4)?
6
Suppose -12*z = -17*z + 10. Suppose -z*x + 2*v + 51 = 5*v, v - 5 = 0. What is the units digit of x?
8
Let y(i) = i**3 + 6*i**2 + 3*i + 4. Let m be (21/6*-2)/1. Let v be 30/m + (-2)/(-7). What is the units digit of y(v)?
4
Let a = -35 + 224. Let o = 372 - a. What is the tens digit of o?
8
Suppose 2*h - 197 = 5*h - 5*u, -353 = 5*h + 4*u. Let i = h + 121. What is the tens digit of i?
5
Suppose -5*s + 20 = 0, -5*s + 305 = 2